[INFO] fetching crate emd_earcutr 0.1.0...
[INFO] checking emd_earcutr-0.1.0 against master#9610dfe5a9a731ced1ea4923ecbd0c57fe367898 for beta-170-4
[INFO] extracting crate emd_earcutr 0.1.0 into /workspace/builds/worker-3-tc1/source
[INFO] validating manifest of crates.io crate emd_earcutr 0.1.0 on toolchain 9610dfe5a9a731ced1ea4923ecbd0c57fe367898
[INFO] running `Command { std: CARGO_HOME="/workspace/cargo-home" RUSTUP_HOME="/workspace/rustup-home" "/workspace/cargo-home/bin/cargo" "+9610dfe5a9a731ced1ea4923ecbd0c57fe367898" "metadata" "--manifest-path" "Cargo.toml" "--no-deps", kill_on_drop: false }`
[INFO] started tweaking crates.io crate emd_earcutr 0.1.0
[INFO] finished tweaking crates.io crate emd_earcutr 0.1.0
[INFO] tweaked toml for crates.io crate emd_earcutr 0.1.0 written to /workspace/builds/worker-3-tc1/source/Cargo.toml
[INFO] crate crates.io crate emd_earcutr 0.1.0 already has a lockfile, it will not be regenerated
[INFO] running `Command { std: CARGO_HOME="/workspace/cargo-home" RUSTUP_HOME="/workspace/rustup-home" "/workspace/cargo-home/bin/cargo" "+9610dfe5a9a731ced1ea4923ecbd0c57fe367898" "fetch" "--manifest-path" "Cargo.toml", kill_on_drop: false }`
[INFO] [stderr]     Updating crates.io index
[INFO] [stderr]  Downloading crates ...
[INFO] [stderr]   Downloaded bencher v0.1.5
[INFO] running `Command { std: "docker" "create" "-v" "/var/lib/crater-agent-workspace/builds/worker-3-tc1/target:/opt/rustwide/target:rw,Z" "-v" "/var/lib/crater-agent-workspace/builds/worker-3-tc1/source:/opt/rustwide/workdir:ro,Z" "-v" "/var/lib/crater-agent-workspace/cargo-home:/opt/rustwide/cargo-home:ro,Z" "-v" "/var/lib/crater-agent-workspace/rustup-home:/opt/rustwide/rustup-home:ro,Z" "-e" "SOURCE_DIR=/opt/rustwide/workdir" "-e" "CARGO_TARGET_DIR=/opt/rustwide/target" "-e" "CARGO_HOME=/opt/rustwide/cargo-home" "-e" "RUSTUP_HOME=/opt/rustwide/rustup-home" "-w" "/opt/rustwide/workdir" "-m" "1610612736" "--user" "0:0" "--network" "none" "ghcr.io/rust-lang/crates-build-env/linux@sha256:19e73879b68f455e41552ea35293514db52ea292d993f571636dbffedb77a1ee" "/opt/rustwide/cargo-home/bin/cargo" "+9610dfe5a9a731ced1ea4923ecbd0c57fe367898" "metadata" "--no-deps" "--format-version=1", kill_on_drop: false }`
[INFO] [stdout] 7d04245131321b9e187b16a8f18b5372fbd273194df8f314e1b2c22e523a266e
[INFO] running `Command { std: "docker" "start" "-a" "7d04245131321b9e187b16a8f18b5372fbd273194df8f314e1b2c22e523a266e", kill_on_drop: false }`
[INFO] running `Command { std: "docker" "inspect" "7d04245131321b9e187b16a8f18b5372fbd273194df8f314e1b2c22e523a266e", kill_on_drop: false }`
[INFO] running `Command { std: "docker" "rm" "-f" "7d04245131321b9e187b16a8f18b5372fbd273194df8f314e1b2c22e523a266e", kill_on_drop: false }`
[INFO] [stdout] 7d04245131321b9e187b16a8f18b5372fbd273194df8f314e1b2c22e523a266e
[INFO] running `Command { std: "docker" "create" "-v" "/var/lib/crater-agent-workspace/builds/worker-3-tc1/target:/opt/rustwide/target:rw,Z" "-v" "/var/lib/crater-agent-workspace/builds/worker-3-tc1/source:/opt/rustwide/workdir:ro,Z" "-v" "/var/lib/crater-agent-workspace/cargo-home:/opt/rustwide/cargo-home:ro,Z" "-v" "/var/lib/crater-agent-workspace/rustup-home:/opt/rustwide/rustup-home:ro,Z" "-e" "SOURCE_DIR=/opt/rustwide/workdir" "-e" "CARGO_TARGET_DIR=/opt/rustwide/target" "-e" "CARGO_INCREMENTAL=0" "-e" "RUST_BACKTRACE=full" "-e" "RUSTFLAGS=--cap-lints=forbid" "-e" "RUSTDOCFLAGS=--cap-lints=forbid" "-e" "CARGO_HOME=/opt/rustwide/cargo-home" "-e" "RUSTUP_HOME=/opt/rustwide/rustup-home" "-w" "/opt/rustwide/workdir" "-m" "1610612736" "--user" "0:0" "--network" "none" "ghcr.io/rust-lang/crates-build-env/linux@sha256:19e73879b68f455e41552ea35293514db52ea292d993f571636dbffedb77a1ee" "/opt/rustwide/cargo-home/bin/cargo" "+9610dfe5a9a731ced1ea4923ecbd0c57fe367898" "check" "--frozen" "--all" "--all-targets" "--message-format=json", kill_on_drop: false }`
[INFO] [stdout] f78f729782df4c8e21a833379aed5d5734ac98a8ca36c339e6a2d11d8c34d069
[INFO] running `Command { std: "docker" "start" "-a" "f78f729782df4c8e21a833379aed5d5734ac98a8ca36c339e6a2d11d8c34d069", kill_on_drop: false }`
[INFO] [stderr]    Compiling syn v1.0.107
[INFO] [stderr]    Compiling serde v1.0.152
[INFO] [stderr]    Compiling serde_json v1.0.91
[INFO] [stderr]     Checking bencher v0.1.5
[INFO] [stderr]     Checking emd_earcutr v0.1.0 (/opt/rustwide/workdir)
[INFO] [stderr]    Compiling serde_derive v1.0.152
[INFO] [stdout] error: use of deprecated `try` macro
[INFO] [stdout]   --> tests/integration_test.rs:79:5
[INFO] [stdout]    |
[INFO] [stdout] 79 |     try!(writeln!(&f, r###"testOutput["{}"]=[];"###, filename));
[INFO] [stdout]    |     ^^^^^^^^^^^^^^^^^^^^^^^^^^^^^^^^^^^^^^^^^^^^^^^^^^^^^^^^^^^
[INFO] [stdout]    |
[INFO] [stdout]    = note: in the 2018 edition `try` is a reserved keyword, and the `try!()` macro is deprecated
[INFO] [stdout] help: you can use the `?` operator instead
[INFO] [stdout]    |
[INFO] [stdout] 79 -     try!(writeln!(&f, r###"testOutput["{}"]=[];"###, filename));
[INFO] [stdout] 79 +     writeln!(&f, r###"testOutput["{}"]=[];"###, filename)?;
[INFO] [stdout]    |
[INFO] [stdout] help: alternatively, you can still access the deprecated `try!()` macro using the "raw identifier" syntax
[INFO] [stdout]    |
[INFO] [stdout] 79 |     r#try!(writeln!(&f, r###"testOutput["{}"]=[];"###, filename));
[INFO] [stdout]    |     ++
[INFO] [stdout] 
[INFO] [stdout] 
[INFO] [stdout] error: use of deprecated `try` macro
[INFO] [stdout]   --> tests/integration_test.rs:80:5
[INFO] [stdout]    |
[INFO] [stdout] 80 | /     try!(writeln!(
[INFO] [stdout] 81 | |         &f,
[INFO] [stdout] 82 | |         r###"testOutput["{}"]["json"]={:?};"###,
[INFO] [stdout] 83 | |         filename, data
[INFO] [stdout] 84 | |     ));
[INFO] [stdout]    | |______^
[INFO] [stdout]    |
[INFO] [stdout]    = note: in the 2018 edition `try` is a reserved keyword, and the `try!()` macro is deprecated
[INFO] [stdout] help: you can use the `?` operator instead
[INFO] [stdout]    |
[INFO] [stdout] 80 ~     writeln!(
[INFO] [stdout] 81 |         &f,
[INFO] [stdout] 82 |         r###"testOutput["{}"]["json"]={:?};"###,
[INFO] [stdout] 83 |         filename, data
[INFO] [stdout] 84 ~     )?;
[INFO] [stdout]    |
[INFO] [stdout] help: alternatively, you can still access the deprecated `try!()` macro using the "raw identifier" syntax
[INFO] [stdout]    |
[INFO] [stdout] 80 |     r#try!(writeln!(
[INFO] [stdout]    |     ++
[INFO] [stdout] 
[INFO] [stdout] 
[INFO] [stdout] error: use of deprecated `try` macro
[INFO] [stdout]   --> tests/integration_test.rs:85:5
[INFO] [stdout]    |
[INFO] [stdout] 85 | /     try!(writeln!(
[INFO] [stdout] 86 | |         &f,
[INFO] [stdout] 87 | |         r###"testOutput["{}"]["triangles"]={:?};"###,
[INFO] [stdout] 88 | |         filename, tris
[INFO] [stdout] 89 | |     ));
[INFO] [stdout]    | |______^
[INFO] [stdout]    |
[INFO] [stdout]    = note: in the 2018 edition `try` is a reserved keyword, and the `try!()` macro is deprecated
[INFO] [stdout] help: you can use the `?` operator instead
[INFO] [stdout]    |
[INFO] [stdout] 85 ~     writeln!(
[INFO] [stdout] 86 |         &f,
[INFO] [stdout] 87 |         r###"testOutput["{}"]["triangles"]={:?};"###,
[INFO] [stdout] 88 |         filename, tris
[INFO] [stdout] 89 ~     )?;
[INFO] [stdout]    |
[INFO] [stdout] help: alternatively, you can still access the deprecated `try!()` macro using the "raw identifier" syntax
[INFO] [stdout]    |
[INFO] [stdout] 85 |     r#try!(writeln!(
[INFO] [stdout]    |     ++
[INFO] [stdout] 
[INFO] [stdout] 
[INFO] [stdout] error: use of deprecated `try` macro
[INFO] [stdout]   --> tests/integration_test.rs:90:5
[INFO] [stdout]    |
[INFO] [stdout] 90 | /     try!(writeln!(
[INFO] [stdout] 91 | |         &f,
[INFO] [stdout] 92 | |         r###"testOutput["{}"]["pass"]={:?};"###,
[INFO] [stdout] 93 | |         filename, pass
[INFO] [stdout] 94 | |     ));
[INFO] [stdout]    | |______^
[INFO] [stdout]    |
[INFO] [stdout]    = note: in the 2018 edition `try` is a reserved keyword, and the `try!()` macro is deprecated
[INFO] [stdout] help: you can use the `?` operator instead
[INFO] [stdout]    |
[INFO] [stdout] 90 ~     writeln!(
[INFO] [stdout] 91 |         &f,
[INFO] [stdout] 92 |         r###"testOutput["{}"]["pass"]={:?};"###,
[INFO] [stdout] 93 |         filename, pass
[INFO] [stdout] 94 ~     )?;
[INFO] [stdout]    |
[INFO] [stdout] help: alternatively, you can still access the deprecated `try!()` macro using the "raw identifier" syntax
[INFO] [stdout]    |
[INFO] [stdout] 90 |     r#try!(writeln!(
[INFO] [stdout]    |     ++
[INFO] [stdout] 
[INFO] [stdout] 
[INFO] [stdout] error: use of deprecated `try` macro
[INFO] [stdout]   --> tests/integration_test.rs:95:5
[INFO] [stdout]    |
[INFO] [stdout] 95 | /     try!(writeln!(
[INFO] [stdout] 96 | |         &f,
[INFO] [stdout] 97 | |         r###"testOutput["{}"]["report"]={:?};"###,
[INFO] [stdout] 98 | |         filename, rpt
[INFO] [stdout] 99 | |     ));
[INFO] [stdout]    | |______^
[INFO] [stdout]    |
[INFO] [stdout]    = note: in the 2018 edition `try` is a reserved keyword, and the `try!()` macro is deprecated
[INFO] [stdout] help: you can use the `?` operator instead
[INFO] [stdout]    |
[INFO] [stdout] 95 ~     writeln!(
[INFO] [stdout] 96 |         &f,
[INFO] [stdout] 97 |         r###"testOutput["{}"]["report"]={:?};"###,
[INFO] [stdout] 98 |         filename, rpt
[INFO] [stdout] 99 ~     )?;
[INFO] [stdout]    |
[INFO] [stdout] help: alternatively, you can still access the deprecated `try!()` macro using the "raw identifier" syntax
[INFO] [stdout]    |
[INFO] [stdout] 95 |     r#try!(writeln!(
[INFO] [stdout]    |     ++
[INFO] [stdout] 
[INFO] [stdout] 
[INFO] [stdout] error[E0463]: can't find crate for `earcutr`
[INFO] [stdout]  --> tests/integration_test.rs:1:1
[INFO] [stdout]   |
[INFO] [stdout] 1 | extern crate earcutr;
[INFO] [stdout]   | ^^^^^^^^^^^^^^^^^^^^^ can't find crate
[INFO] [stdout] 
[INFO] [stdout] 
[INFO] [stdout] error[E0463]: can't find crate for `earcutr`
[INFO] [stdout]  --> benches/speedtest.rs:7:1
[INFO] [stdout]   |
[INFO] [stdout] 7 | extern crate earcutr;
[INFO] [stdout]   | ^^^^^^^^^^^^^^^^^^^^^ can't find crate
[INFO] [stdout] 
[INFO] [stdout] 
[INFO] [stdout] error[E0463]: can't find crate for `earcutr`
[INFO] [stdout]  --> examples/main.rs:1:1
[INFO] [stdout]   |
[INFO] [stdout] 1 | extern crate earcutr;
[INFO] [stdout]   | ^^^^^^^^^^^^^^^^^^^^^ can't find crate
[INFO] [stdout] 
[INFO] [stdout] 
[INFO] [stdout] error: aborting due to previous error
[INFO] [stdout] 
[INFO] [stdout] 
[INFO] [stdout] For more information about this error, try `rustc --explain E0463`.
[INFO] [stdout] 
[INFO] [stdout] warning: unnecessary trailing semicolon
[INFO] [stdout]     --> src/lib.rs:1245:24
[INFO] [stdout]      |
[INFO] [stdout] 1245 |         let mut cycler;;
[INFO] [stdout]      |                        ^ help: remove this semicolon
[INFO] [stdout]      |
[INFO] [stdout]      = note: `#[warn(redundant_semicolons)]` on by default
[INFO] [stdout] 
[INFO] [stdout] 
[INFO] [stdout] warning: unnecessary trailing semicolon
[INFO] [stdout]     --> src/lib.rs:1624:10
[INFO] [stdout]      |
[INFO] [stdout] 1624 |         };
[INFO] [stdout]      |          ^ help: remove this semicolon
[INFO] [stdout] 
[INFO] [stdout] 
[INFO] [stderr] error: could not compile `emd_earcutr` (example "main") due to 2 previous errors
[INFO] [stderr] warning: build failed, waiting for other jobs to finish...
[INFO] [stdout] warning: unused import: `std::io::Write`
[INFO] [stdout]  --> tests/integration_test.rs:9:5
[INFO] [stdout]   |
[INFO] [stdout] 9 | use std::io::Write;
[INFO] [stdout]   |     ^^^^^^^^^^^^^^
[INFO] [stdout]   |
[INFO] [stdout]   = note: `#[warn(unused_imports)]` on by default
[INFO] [stdout] 
[INFO] [stdout] 
[INFO] [stdout] error: aborting due to 6 previous errors; 1 warning emitted
[INFO] [stdout] 
[INFO] [stdout] 
[INFO] [stdout] For more information about this error, try `rustc --explain E0463`.
[INFO] [stdout] 
[INFO] [stderr] error: could not compile `emd_earcutr` (test "integration_test") due to 7 previous errors; 1 warning emitted
[INFO] [stdout] error: aborting due to previous error
[INFO] [stdout] 
[INFO] [stdout] 
[INFO] [stdout] For more information about this error, try `rustc --explain E0463`.
[INFO] [stdout] 
[INFO] [stderr] error: could not compile `emd_earcutr` (bench "speedtest") due to 2 previous errors
[INFO] [stdout] warning: 2 warnings emitted
[INFO] [stdout] 
[INFO] [stdout] 
[INFO] running `Command { std: "docker" "inspect" "f78f729782df4c8e21a833379aed5d5734ac98a8ca36c339e6a2d11d8c34d069", kill_on_drop: false }`
[INFO] running `Command { std: "docker" "rm" "-f" "f78f729782df4c8e21a833379aed5d5734ac98a8ca36c339e6a2d11d8c34d069", kill_on_drop: false }`
[INFO] [stdout] f78f729782df4c8e21a833379aed5d5734ac98a8ca36c339e6a2d11d8c34d069
